{"id":24,"date":"2013-11-15T07:49:21","date_gmt":"2013-11-15T06:49:21","guid":{"rendered":"http:\/\/manager.pwsztar.edu.pl\/?page_id=24"},"modified":"2025-12-17T20:06:25","modified_gmt":"2025-12-17T19:06:25","slug":"strona-glowna","status":"publish","type":"page","link":"https:\/\/manager.pwsztar.edu.pl\/","title":{"rendered":"Strona g\u0142\u00f3wna"},"content":{"rendered":"<p style=\"text-align: center;\">&nbsp;<\/p>\n<p style=\"text-align: center;\"><span style=\"color: #0066ff;\"><span style=\"font-family: verdana, geneva, sans-serif;\"><span style=\"font-size: 16px;\">SKN \u201eMANAGER\u201d dzia\u0142a od pa\u017adziernika 2006 roku<\/span><\/span><\/span><\/p>\n<p style=\"text-align: center;\"><span style=\"color: #0066ff;\"><span style=\"font-family: verdana, geneva, sans-serif;\"><span style=\"font-size: 16px;\">przy Wydziale Prawa, Administracji i Ekonomii.<\/span><\/span><\/span><\/p>\n<p style=\"text-align: center;\"><span style=\"color: #0066ff;\"><span style=\"font-family: verdana, geneva, sans-serif;\"><span style=\"font-size: 16px;\">Praca w Kole sprzyja rozwojowi intelektualnemu i osobowemu student\u00f3w, mobilizuje do samokszta\u0142cenia,<\/span><\/span><\/span><\/p>\n<p style=\"text-align: center;\"><span style=\"color: #0066ff;\"><span style=\"font-family: verdana, geneva, sans-serif;\"><span style=\"font-size: 16px;\">kreuje postawy przedsi\u0119biorcze i uczy pracowa\u0107 w grupie.<\/span><\/span><\/span><\/p>\n<p>&nbsp;<\/p>\n<p style=\"text-align: center;\"><span style=\"color: #0066ff;\"><span style=\"font-family: verdana, geneva, sans-serif;\"><span style=\"font-size: 16px;\">Cz\u0142onkowie SKN \u201eMANAGER\u201d: prowadz\u0105 badania naukowe<\/span><\/span><\/span><\/p>\n<p style=\"text-align: center;\"><span style=\"color: #0066ff;\"><span style=\"font-family: verdana, geneva, sans-serif;\"><span style=\"font-size: 16px;\">w zakresie ekonomii i zarz\u0105dzania, uczestnicz\u0105<\/span><\/span><\/span><\/p>\n<p style=\"text-align: center;\"><span style=\"color: #0066ff;\"><span style=\"font-family: verdana, geneva, sans-serif;\"><span style=\"font-size: 16px;\">w konferencjach i seminariach naukowych,<\/span><\/span><\/span><\/p>\n<p style=\"text-align: center;\"><span style=\"color: #0066ff;\"><span style=\"font-family: verdana, geneva, sans-serif;\"><span style=\"font-size: 16px;\">gdzie prezentuj\u0105 swoje prace, organizuj\u0105 szkolenia,<\/span><\/span><\/span><\/p>\n<p style=\"text-align: center;\"><span style=\"color: #0066ff;\"><span style=\"font-family: verdana, geneva, sans-serif;\"><span style=\"font-size: 16px;\">kursy i wyjazdy studyjne, obozy naukowe oraz<\/span><\/span><\/span><\/p>\n<p style=\"text-align: center;\"><span style=\"color: #0066ff;\"><span style=\"font-family: verdana, geneva, sans-serif;\"><span style=\"font-size: 16px;\">wsp\u00f3\u0142pracuj\u0105 z r\u00f3\u017cnymi organizacjami i instytucjami.<\/span><\/span><\/span><\/p>\n<p style=\"text-align: center;\"><span style=\"color: #0066ff;\"><span style=\"font-family: verdana, geneva, sans-serif;\"><span style=\"font-size: 16px;\">Do wsp\u00f3\u0142pracy zapraszamy wszystkich student\u00f3w,<\/span><\/span><\/span><\/p>\n<p style=\"text-align: center;\"><span style=\"color: #0066ff;\"><span style=\"font-family: verdana, geneva, sans-serif;\"><span style=\"font-size: 16px;\">kt\u00f3rzy nie chc\u0105 by\u0107 przeci\u0119tni i anonimowi.<\/span><\/span><\/span><\/p>\n<p>&nbsp;<\/p>\n","protected":false},"excerpt":{"rendered":"<p>&nbsp; SKN \u201eMANAGER\u201d dzia\u0142a od pa\u017adziernika 2006 roku przy Wydziale Prawa, Administracji i Ekonomii. Praca w Kole sprzyja rozwojowi intelektualnemu i osobowemu student\u00f3w, mobilizuje do samokszta\u0142cenia, kreuje postawy przedsi\u0119biorcze i uczy pracowa\u0107 w grupie. &nbsp; Cz\u0142onkowie SKN \u201eMANAGER\u201d: prowadz\u0105 badania naukowe w zakresie ekonomii i zarz\u0105dzania, uczestnicz\u0105 w konferencjach i seminariach naukowych, gdzie prezentuj\u0105 swoje [&hellip;]<\/p>\n","protected":false},"author":1,"featured_media":0,"parent":0,"menu_order":0,"comment_status":"open","ping_status":"open","template":"","meta":{"ngg_post_thumbnail":0},"_links":{"self":[{"href":"https:\/\/manager.pwsztar.edu.pl\/index.php?rest_route=\/wp\/v2\/pages\/24"}],"collection":[{"href":"https:\/\/manager.pwsztar.edu.pl\/index.php?rest_route=\/wp\/v2\/pages"}],"about":[{"href":"https:\/\/manager.pwsztar.edu.pl\/index.php?rest_route=\/wp\/v2\/types\/page"}],"author":[{"embeddable":true,"href":"https:\/\/manager.pwsztar.edu.pl\/index.php?rest_route=\/wp\/v2\/users\/1"}],"replies":[{"embeddable":true,"href":"https:\/\/manager.pwsztar.edu.pl\/index.php?rest_route=%2Fwp%2Fv2%2Fcomments&post=24"}],"version-history":[{"count":8,"href":"https:\/\/manager.pwsztar.edu.pl\/index.php?rest_route=\/wp\/v2\/pages\/24\/revisions"}],"predecessor-version":[{"id":1988,"href":"https:\/\/manager.pwsztar.edu.pl\/index.php?rest_route=\/wp\/v2\/pages\/24\/revisions\/1988"}],"wp:attachment":[{"href":"https:\/\/manager.pwsztar.edu.pl\/index.php?rest_route=%2Fwp%2Fv2%2Fmedia&parent=24"}],"curies":[{"name":"wp","href":"https:\/\/api.w.org\/{rel}","templated":true}]}}